. Let a be g(-10). Let j = -86 + a. Let m = -4 - j. What is the units digit of m?
1
Let v(s) = -7*s - 7. Suppose 0*q = q - 5. Let n be v(q). Let k = n + 59. What is the tens digit of k?
1
Let u(p) = p**2 - 8*p + 2. Let j be u(8). Suppose -2*a = -a + y - 5, -4*a + j*y = -14. What is the units digit of (1/a)/((-2)/(-8))?
1
Let n be 2/(-6) + (-4893)/63. Let g = n + 154. What is the units digit of g?
6
Let q(m) = -102*m + 1. Let i(k) = -2*k - 9. Let n be i(-4). What is the hundreds digit of q(n)?
1
Suppose -t + 970 = 5*r - 1921, 0 = -2*t + 2. What is the units digit of r?
8
What is the hundreds digit of (100 + -4)*10*(-2)/(-5)?
3
Let u be (-2 + 1)*-55*1. Let y be 2*152/12*(-6)/(-4). Let f = u - y. What is the units digit of f?
7
Let n(k) = k**2 - 24*k + 43. What is the tens digit of n(-19)?
6
Suppose 3*n - 6 = 0, -4*u - 2*n - 2*n = -988. Suppose 3*s + 5*k - u = 0, 3*s = -s - 4*k + 340. What is the tens digit of s?
9
Suppose 75 = -5*u + 355. Let h = u - -11. What is the tens digit of h?
6
Let q(o) = -7*o - 26. Let i be q(-4). Suppose 4*c - 346 = -i*s, -12*c = s - 7*c - 161. What is the tens digit of s?
8
Let n(r) = 4*r - 32. Let z be n(8). What is the tens digit of z/1*-1 + 152/4?
3
Suppose 12*w = 66*w - 115074. What is the hundreds digit of w?
1
Let b be 8/84*3*14. Suppose -b*w + 5 = -19. What is the units digit of w?
6
Let o = -31 - -34. Suppose -o*p = -p - 118. What is the units digit of (p/(-4))/((-5)/20)?
9
Let y = 0 + -8. What is the units digit of (62/y)/(6/(-24))?
1
What is the tens digit of (12454/65)/(6/15)?
7
Let u(w) = -31*w + 7. Let b(f) = -f**2 - 13*f + 25. Let q be b(-15). What is the hundreds digit of u(q)?
1
Suppose 0 = -4*z + g + 1528, -3*g - 130 = -z + 252. What is the hundreds digit of z?
3
Let z(d) = d + 64. Let b be z(-13). What is the units digit of (3/2)/(b/1564)?
6
Let q(u) = -u**3 + 29*u**2 - 33*u - 1. Let n be q(27). Let p = -346 + n. What is the units digit of p?
0
Let o = -59 - -56. What is the tens digit of (4/(-10)*1)/(o/90)?
1
Suppose 5*q - 410 = -5*r, 2*r + 0 = 4. What is the tens digit of 2428/9 - (2 + q/(-36))?
7
Let o(m) = m**3 - 4*m**2 + 2*m - 4. Let u be o(4). Suppose -2*c + 14 = -u. Let i = c - -12. What is the units digit of i?
1
Let k(j) = 29*j + 1. Let n be k(1). Suppose 23*x = 26*x + 21. Let t = x + n. What is the tens digit of t?
2
Let x = -4174 - -7021. What is the hundreds digit of x?
8
What is the units digit of 9*10*41/3?
0
Let r(y) = 155*y - 810. Let n(z) = 17*z - 90. Let l(b) = -55*n(b) + 6*r(b). What is the hundreds digit of l(-31)?
2
Let n be (-3)/(-5) - 28/(-20). Let k be 12/(-9)*(-45)/n. Suppose -q = -5*j - k, -5*q = -3*q - 4*j - 48. What is the units digit of q?
0
Let d be (0/(-2) - -6)*-1. Let t = 10 + d. Suppose -5*i - t = 2*n - 131, 0 = -2*i + 5*n + 45. What is the tens digit of i?
2
Let i(a) = 4*a**2 + 8*a + 6. Let b be i(-4). What is the tens digit of b + (-1)/((-1)/2)?
4
Suppose -3*b - 2 = 2*i, 0 = -5*b - 3*i - 1 - 4. Let z be (-2)/((b/18)/2). Suppose -4*y = -7*y + z. What is the units digit of y?
6
Let j = -8 + 29. Let b be (j/14)/(6/16). Suppose b*m = 30 + 10. What is the tens digit of m?
1
Let l = -162 - -79. Let x = 132 + l. What is the tens digit of x?
4
Let h(f) = 69*f + 128. What is the units digit of h(16)?
2
Suppose 401*f + 3645 = 406*f. What is the tens digit of f?
2
What is the units digit of ((-2)/(-4))/(9/39150*15)?
5
Let h be (-44)/(((-1)/(4/16))/2). Let q = 163 - h. What is the tens digit of q?
4
Let h be 0/(-1 - -4 - 1). Suppose -5*q + 4 + 1 = -5*i, h = 4*q + 8. What is the tens digit of (-6 + 5)/(i/99)?
3
Let p be ((-66)/(-8) + 1)/(1/20). Suppose 2*t - k - p = -2*k, k - 371 = -4*t. What is the units digit of t?
3
Let d(i) = i**2 - i. Let p be d(2). Suppose 19 = -z + 4*r, 5*z + p*r = 7*r - 110. Let q = 40 + z. What is the units digit of q?
7
Let c be (-8 + 6)*28/2. Let k = c + 28. Suppose i = -2*f + 86, 2*i - 6*i + f + 299 = k. What is the units digit of i?
6
Suppose 982 = -195*b + 197*b. What is the tens digit of b?
9
Let f(w) = -w + 5*w**2 + w - 4 + 4*w + 5*w**2. What is the units digit of f(1)?
0
Suppose 656 = -w + 9*w. What is the tens digit of w?
8
Suppose -13 - 19 = -4*z. Suppose z*j - 11*j + 45 = 0. Let i = 17 - j. What is the units digit of i?
2
Let o(v) = v**2 - 8*v + 6. Let j be 2/6*(26 - 2). Let g be o(j). Suppose g = -d + 35. What is the units digit of d?
9
Suppose -6*v = -3*v - 15. Let j = -32 + 34. What is the units digit of v*-44*j/(-10)?
4
Let n = -231 - -408. Suppose -9 = 4*r - n. What is the tens digit of r?
4
Let z = -12 + -5. Let w = -10 - z. What is the units digit of w?
7
Suppose -28 = 6*l - 16. What is the units digit of (l + (-1715)/(-15))*3?
7
Let j(g) = 6*g**2 + 2*g + 2. Let z be j(-1). Let i(o) = 14*o - 14. What is the tens digit of i(z)?
7
Let x = 1725 + -626. What is the hundreds digit of x?
0
What is the units digit of (1 - -1)/(6/35910*14)?
5
Suppose -3*f = 3*f - 756. Suppose 4*n - 2*n = f. What is the units digit of n?
3
Suppose -10 = 5*z + 5, 0 = -b + 2*z + 3342. What is the tens digit of b?
3
Let w = 20 + -25. What is the units digit of 9/(w + 2) + 298?
5
Let h = -137 + 179. What is the tens digit of h?
4
Let y(z) = z**3 + 15*z**2 - 4*z - 7. Suppose -28*f = -30*f - 30. What is the units digit of y(f)?
3
Suppose 0*x - 702 = 3*x. Let i = 333 + x. Suppose q = -5*o + 53, 0*q - i = -3*q + 5*o. What is the units digit of q?
8
Let y(n) be the first derivative of 3*n**2/2 + 12*n - 10. Let u be y(-4). Suppose 2*x + 2*x - 32 = u. What is the units digit of x?
8
Let f = 716 + -165. What is the tens digit of f?
5
Let b = 2 - -1. Suppose 4*s - 3*g - 23 = 0, 29 = 2*s - 4*g - g. Suppose 0 = -s*u + w + 21, -2*w - 34 + 1 = -b*u. What is the units digit of u?
9
Let x(b) = 9*b - 12. Let d = 3 + 0. Suppose -2*z - 5*w = -8, -z = d*w + 2*w + 1. What is the units digit of x(z)?
9
What is the hundreds digit of 8/10*(-16245)/(-38)?
3
Suppose -d + 0*d = -6. Let x be d/(-2)*-15 - -2. Let u = x - 8. What is the units digit of u?
9
Suppose 0 = -29*o + 46085 - 497. What is the tens digit of o?
7
Suppose -3499 + 9204 = 7*y. What is the tens digit of y?
1
What is the units digit of ((-9)/3 + 5)*(144 + -19)?
0
Let h be (-159*8/12)/1. Let i = 26 + h. What is the units digit of (i/(-10))/(2/17)?
8
Suppose 5*m - 4*m + 2207 = -4*v, 3*m - 1659 = 3*v. Let w be (2/(-3))/(16/v). Suppose a = 10 + w. What is the units digit of a?
3
Let i(y) = y**3 + 30*y**2 - 20*y + 238. Let a be i(-31). Let p = -224 - -373. Let k = a + p. What is the units digit of k?
6
Let h(b) = 30*b**2 - 2*b - 28. What is the tens digit of h(-6)?
6
Let y(m) = -75*m + 40. What is the tens digit of y(-6)?
9
Suppose -8*u = 755 - 12475. What is the tens digit of u?
6
Suppose -8*q = -49 + 137. What is the tens digit of 5943/77 - ((-2)/q - 0)?
7
Let m be 150 - (3 - 1 - -2). Let p = m + -72. What is the tens digit of p?
7
Let z(a) = 32*a**2 + 4*a - 52. What is the tens digit of z(5)?
6
Let s(a) = a**3 + 35*a**2 - 42*a + 138. What is the tens digit of s(-33)?
0
What is the units digit of -4 + 4/(-2) + (816 - 102)?
8
Suppose 4*u + i = 12797, -58*u + 54*u + 3*i + 12793 = 0. What is the hundreds digit of u?
1
Suppose -6*u = -8*u - 4. What is the units digit of 322/6 - u/(-3)?
3
Suppose -4*d + 6 = -2. Let v(t) = 21*t**2 - t - 4. What is the tens digit of v(d)?
7
Let q = -5 + 9. Suppose j + 4 = 3*x - 6*x, q = 3*j + x. Suppose 5*m = 5*a - 15, -3*m - j = -11. What is the units digit of a?
6
Let z = -236 + 348. What is the hundreds digit of z?
1
Suppose 5*g - 5*s - 1732 = 3*g, 4*g - 2*s - 3448 = 0. What is the units digit of g?
1
Let g = 1316 - -471. What is the hundreds digit of g?
7
What is the tens digit of 10556/10 - 2 - (-26)/65?
5
Let o be (2/3)/(7/21). Suppose -o*i + 34 = -22. Suppose 22 = u - 2*m, 3*m - i = -2*u - 5. What is the units digit of u?
6
Suppose -29 = i - 3*i - 3*n, 3*i = 5*n - 4. Let u = -1 + i. What is the units digit of (u/18)/(2/282)?
7
Let x = -7 + 22. Let w = -9 + x. What is the tens digit of 327/21 + w/14?
1
Let s(i) = 5*i**2 - 2*i - 6 + 2 + i**2. Let r(j) = -j + 4. Let o be r(6). What is the units digit of s(o)?
4
Let o = -14 + 17. Suppose r = -4, o*c + 0*r = -3*r + 147. What is the units digit of c?
3
Let t = -116 - -60. Let h = -3 - t. What is the tens digit of h?
5
Suppose -35*z = -40*z, 4*z 